{"id":18,"date":"2018-11-08T19:15:31","date_gmt":"2018-11-08T18:15:31","guid":{"rendered":"https:\/\/claudiorodriguez.es\/xjornadas\/?page_id=18"},"modified":"2024-09-02T17:26:57","modified_gmt":"2024-09-02T15:26:57","slug":"inicio","status":"publish","type":"page","link":"https:\/\/claudiorodriguez.es\/xjornadas\/","title":{"rendered":"Inicio"},"content":{"rendered":"\t\t<div data-elementor-type=\"wp-page\" data-elementor-id=\"18\" class=\"elementor elementor-18\" data-elementor-post-type=\"page\">\n\t\t\t\t<div class=\"elementor-element elementor-element-434f443 e-flex e-con-boxed e-con e-parent\" data-id=\"434f443\" data-element_type=\"container\" data-e-type=\"container\">\n\t\t\t\t\t<div class=\"e-con-inner\">\n\t\t<div class=\"elementor-element elementor-element-54009b0 e-con-full e-flex e-con e-child\" data-id=\"54009b0\" data-element_type=\"container\" data-e-type=\"container\" data-settings=\"{&quot;background_background&quot;:&quot;classic&quot;}\">\n\t\t\t\t<div class=\"elementor-element elementor-element-0481d89 elementor-widget elementor-widget-image\" data-id=\"0481d89\" data-element_type=\"widget\" data-e-type=\"widget\" data-widget_type=\"image.default\">\n\t\t\t\t<div class=\"elementor-widget-container\">\n\t\t\t\t\t\t\t\t\t\t\t\t\t\t\t<img fetchpriority=\"high\" decoding=\"async\" title=\"header-jornadas\" width=\"940\" height=\"247\" src=\"https:\/\/claudiorodriguez.es\/xjornadas\/wp-content\/uploads\/2024\/07\/header-jornadas.png\" class=\"attachment-full size-full wp-image-94\" alt=\"\" srcset=\"https:\/\/claudiorodriguez.es\/xjornadas\/wp-content\/uploads\/2024\/07\/header-jornadas.png 940w, https:\/\/claudiorodriguez.es\/xjornadas\/wp-content\/uploads\/2024\/07\/header-jornadas-300x79.png 300w, https:\/\/claudiorodriguez.es\/xjornadas\/wp-content\/uploads\/2024\/07\/header-jornadas-768x202.png 768w\" sizes=\"(max-width: 940px) 100vw, 940px\" \/>\t\t\t\t\t\t\t\t\t\t\t\t\t\t\t<\/div>\n\t\t\t\t<\/div>\n\t\t\t\t<\/div>\n\t\t<div class=\"elementor-element elementor-element-0eb9ba9 e-flex e-con-boxed e-con e-child\" data-id=\"0eb9ba9\" data-element_type=\"container\" data-e-type=\"container\" data-settings=\"{&quot;background_background&quot;:&quot;classic&quot;}\">\n\t\t\t\t\t<div class=\"e-con-inner\">\n\t\t<div class=\"elementor-element elementor-element-eea1bdd e-con-full e-flex e-con e-child\" data-id=\"eea1bdd\" data-element_type=\"container\" data-e-type=\"container\">\n\t\t<div class=\"elementor-element elementor-element-2b9e7c0 e-con-full e-flex e-con e-child\" data-id=\"2b9e7c0\" data-element_type=\"container\" data-e-type=\"container\">\n\t\t\t\t<div class=\"elementor-element elementor-element-c1bc439 elementor-align-center elementor-widget elementor-widget-button\" data-id=\"c1bc439\" data-element_type=\"widget\" data-e-type=\"widget\" data-widget_type=\"button.default\">\n\t\t\t\t<div class=\"elementor-widget-container\">\n\t\t\t\t\t\t\t\t\t<div class=\"elementor-button-wrapper\">\n\t\t\t\t\t<a class=\"elementor-button elementor-button-link elementor-size-md\" href=\"\/xjornadas\/wp-content\/uploads\/2024\/07\/programa-x-jornadas-2024-don-de-la-ebriedad-claudio-rodriguez.pdf\" target=\"_blank\">\n\t\t\t\t\t\t<span class=\"elementor-button-content-wrapper\">\n\t\t\t\t\t\t\t\t\t<span class=\"elementor-button-text\">DESCARGAR PROGRAMA<\/span>\n\t\t\t\t\t<\/span>\n\t\t\t\t\t<\/a>\n\t\t\t\t<\/div>\n\t\t\t\t\t\t\t\t<\/div>\n\t\t\t\t<\/div>\n\t\t\t\t<\/div>\n\t\t<div class=\"elementor-element elementor-element-9990e7b e-con-full e-flex e-con e-child\" data-id=\"9990e7b\" data-element_type=\"container\" data-e-type=\"container\">\n\t\t\t\t<div class=\"elementor-element elementor-element-3bf7553 elementor-align-center elementor-widget elementor-widget-button\" data-id=\"3bf7553\" data-element_type=\"widget\" data-e-type=\"widget\" data-widget_type=\"button.default\">\n\t\t\t\t<div class=\"elementor-widget-container\">\n\t\t\t\t\t\t\t\t\t<div class=\"elementor-button-wrapper\">\n\t\t\t\t\t<a class=\"elementor-button elementor-button-link elementor-size-md\" href=\"\/xjornadas\/wp-content\/uploads\/2024\/07\/comunicaciones-x-jornadas-2024-don-de-la-ebriedad-claudio-rodriguez.pdf\" target=\"_blank\">\n\t\t\t\t\t\t<span class=\"elementor-button-content-wrapper\">\n\t\t\t\t\t\t\t\t\t<span class=\"elementor-button-text\">DESCARGAR COMUNICACIONES<\/span>\n\t\t\t\t\t<\/span>\n\t\t\t\t\t<\/a>\n\t\t\t\t<\/div>\n\t\t\t\t\t\t\t\t<\/div>\n\t\t\t\t<\/div>\n\t\t\t\t<\/div>\n\t\t\t\t<\/div>\n\t\t\t\t<div class=\"elementor-element elementor-element-673d3f4 elementor-widget__width-initial elementor-widget elementor-widget-text-editor\" data-id=\"673d3f4\" data-element_type=\"widget\" data-e-type=\"widget\" data-widget_type=\"text-editor.default\">\n\t\t\t\t<div class=\"elementor-widget-container\">\n\t\t\t\t\t\t\t\t\t<p>La inscripci\u00f3n es gratuita y podr\u00e1 formalizarse <b>antes del 1 de noviembre<\/b>.<\/p><p>El n\u00famero de plazas es limitado y se adjudicar\u00e1n por orden de inscripci\u00f3n. El Seminario acreditar\u00e1 la asistencia a las jornadas a las personas inscritas que lo soliciten.<\/p><p>Los profesores interesados pueden hacer la inscripci\u00f3n a trav\u00e9s del <span style=\"text-decoration: underline;\"><a href=\"http:\/\/cfiezamora.centros.educa.jcyl.es\/sitio\/\" target=\"_blank\" rel=\"noopener nofollow\">website del CFIE de Zamora<\/a><\/span>, que concede cr\u00e9ditos por asistencia a las jornadas.<\/p><p>Para su inscripci\u00f3n debe cumplimentar todos los campos del siguiente formulario. Recibir\u00e1 confirmaci\u00f3n en su correo:<\/p>\t\t\t\t\t\t\t\t<\/div>\n\t\t\t\t<\/div>\n\t\t\t\t<div class=\"elementor-element elementor-element-ea0fc89 elementor-button-align-end elementor-widget__width-initial elementor-widget elementor-widget-form\" data-id=\"ea0fc89\" data-element_type=\"widget\" data-e-type=\"widget\" data-settings=\"{&quot;step_next_label&quot;:&quot;Next&quot;,&quot;step_previous_label&quot;:&quot;Previous&quot;,&quot;button_width&quot;:&quot;100&quot;,&quot;step_type&quot;:&quot;number_text&quot;,&quot;step_icon_shape&quot;:&quot;circle&quot;}\" data-widget_type=\"form.default\">\n\t\t\t\t<div class=\"elementor-widget-container\">\n\t\t\t\t\t\t\t<form class=\"elementor-form\" method=\"post\" name=\"New Form\" aria-label=\"New Form\">\r\n\t\t\t<input type=\"hidden\" name=\"post_id\" value=\"18\"\/>\r\n\t\t\t<input type=\"hidden\" name=\"form_id\" value=\"ea0fc89\"\/>\r\n\t\t\t<input type=\"hidden\" name=\"referer_title\" value=\"\" \/>\r\n\r\n\t\t\t\t\t\t\t<input type=\"hidden\" name=\"queried_id\" value=\"18\"\/>\r\n\t\t\t\r\n\t\t\t<div class=\"elementor-form-fields-wrapper elementor-labels-above\">\r\n\t\t\t\t\t\t\t\t<div class=\"elementor-field-type-text elementor-field-group elementor-column elementor-field-group-name elementor-col-50 elementor-md-50 elementor-field-required elementor-mark-required\">\r\n\t\t\t\t\t\t\t\t\t\t\t\t<label for=\"form-field-name\" class=\"elementor-field-label\">\r\n\t\t\t\t\t\t\t\tNombre y apellidos\t\t\t\t\t\t\t<\/label>\r\n\t\t\t\t\t\t\t\t\t\t\t\t\t\t<input size=\"1\" type=\"text\" name=\"form_fields[name]\" id=\"form-field-name\" class=\"elementor-field elementor-size-sm  elementor-field-textual\" required=\"required\">\r\n\t\t\t\t\t\t\t\t\t\t\t<\/div>\r\n\t\t\t\t\t\t\t\t<div class=\"elementor-field-type-text elementor-field-group elementor-column elementor-field-group-field_0df4037 elementor-col-50 elementor-md-50\">\r\n\t\t\t\t\t\t\t\t\t\t\t\t<label for=\"form-field-field_0df4037\" class=\"elementor-field-label\">\r\n\t\t\t\t\t\t\t\tNIF \/ Pasaporte\t\t\t\t\t\t\t<\/label>\r\n\t\t\t\t\t\t\t\t\t\t\t\t\t\t<input size=\"1\" type=\"text\" name=\"form_fields[field_0df4037]\" id=\"form-field-field_0df4037\" class=\"elementor-field elementor-size-sm  elementor-field-textual\">\r\n\t\t\t\t\t\t\t\t\t\t\t<\/div>\r\n\t\t\t\t\t\t\t\t<div class=\"elementor-field-type-text elementor-field-group elementor-column elementor-field-group-field_fcc1a42 elementor-col-50 elementor-md-50\">\r\n\t\t\t\t\t\t\t\t\t\t\t\t<label for=\"form-field-field_fcc1a42\" class=\"elementor-field-label\">\r\n\t\t\t\t\t\t\t\tNacionalidad\t\t\t\t\t\t\t<\/label>\r\n\t\t\t\t\t\t\t\t\t\t\t\t\t\t<input size=\"1\" type=\"text\" name=\"form_fields[field_fcc1a42]\" id=\"form-field-field_fcc1a42\" class=\"elementor-field elementor-size-sm  elementor-field-textual\">\r\n\t\t\t\t\t\t\t\t\t\t\t<\/div>\r\n\t\t\t\t\t\t\t\t<div class=\"elementor-field-type-text elementor-field-group elementor-column elementor-field-group-field_7093ff0 elementor-col-50 elementor-md-50\">\r\n\t\t\t\t\t\t\t\t\t\t\t\t<label for=\"form-field-field_7093ff0\" class=\"elementor-field-label\">\r\n\t\t\t\t\t\t\t\tDirecci\u00f3n, CP, poblaci\u00f3n y provincia\t\t\t\t\t\t\t<\/label>\r\n\t\t\t\t\t\t\t\t\t\t\t\t\t\t<input size=\"1\" type=\"text\" name=\"form_fields[field_7093ff0]\" id=\"form-field-field_7093ff0\" class=\"elementor-field elementor-size-sm  elementor-field-textual\">\r\n\t\t\t\t\t\t\t\t\t\t\t<\/div>\r\n\t\t\t\t\t\t\t\t<div class=\"elementor-field-type-email elementor-field-group elementor-column elementor-field-group-email elementor-col-50 elementor-md-50 elementor-field-required elementor-mark-required\">\r\n\t\t\t\t\t\t\t\t\t\t\t\t<label for=\"form-field-email\" class=\"elementor-field-label\">\r\n\t\t\t\t\t\t\t\tCorreo electr\u00f3nico\t\t\t\t\t\t\t<\/label>\r\n\t\t\t\t\t\t\t\t\t\t\t\t\t\t<input size=\"1\" type=\"email\" name=\"form_fields[email]\" id=\"form-field-email\" class=\"elementor-field elementor-size-sm  elementor-field-textual\" required=\"required\">\r\n\t\t\t\t\t\t\t\t\t\t\t<\/div>\r\n\t\t\t\t\t\t\t\t<div class=\"elementor-field-type-tel elementor-field-group elementor-column elementor-field-group-ebdf281 elementor-col-50 elementor-md-50\">\r\n\t\t\t\t\t\t\t\t\t\t\t\t<label for=\"form-field-ebdf281\" class=\"elementor-field-label\">\r\n\t\t\t\t\t\t\t\tTel\u00e9fono\t\t\t\t\t\t\t<\/label>\r\n\t\t\t\t\t\t\t\t<input size=\"1\" type=\"tel\" name=\"form_fields[ebdf281]\" id=\"form-field-ebdf281\" class=\"elementor-field elementor-size-sm  elementor-field-textual\" pattern=\"[0-9()#&amp;+*-=.]+\" title=\"Only numbers and phone characters (#, -, *, etc) are accepted.\">\r\n\r\n\t\t\t\t\t\t<\/div>\r\n\t\t\t\t\t\t\t\t<div class=\"elementor-field-type-textarea elementor-field-group elementor-column elementor-field-group-message elementor-col-50 elementor-md-50\">\r\n\t\t\t\t\t\t\t\t\t\t\t\t<label for=\"form-field-message\" class=\"elementor-field-label\">\r\n\t\t\t\t\t\t\t\tEstudios \/ Profesi\u00f3n\t\t\t\t\t\t\t<\/label>\r\n\t\t\t\t\t\t<textarea class=\"elementor-field-textual elementor-field  elementor-size-sm\" name=\"form_fields[message]\" id=\"form-field-message\" rows=\"4\"><\/textarea>\t\t\t\t<\/div>\r\n\t\t\t\t\t\t\t\t<div class=\"elementor-field-type-textarea elementor-field-group elementor-column elementor-field-group-field_f7d25cf elementor-col-50 elementor-md-50\">\r\n\t\t\t\t\t\t\t\t\t\t\t\t<label for=\"form-field-field_f7d25cf\" class=\"elementor-field-label\">\r\n\t\t\t\t\t\t\t\tCentro docente \/ Trabajo\t\t\t\t\t\t\t<\/label>\r\n\t\t\t\t\t\t<textarea class=\"elementor-field-textual elementor-field  elementor-size-sm\" name=\"form_fields[field_f7d25cf]\" id=\"form-field-field_f7d25cf\" rows=\"4\"><\/textarea>\t\t\t\t<\/div>\r\n\t\t\t\t\t\t\t\t<div class=\"elementor-field-type-acceptance elementor-field-group elementor-column elementor-field-group-8fcae9c elementor-col-100 elementor-field-required elementor-mark-required\">\r\n\t\t\t\t\t\t\t\t\t\t\t\t<label for=\"form-field-8fcae9c\" class=\"elementor-field-label\">\r\n\t\t\t\t\t\t\t\tProtecci\u00f3n de datos\t\t\t\t\t\t\t<\/label>\r\n\t\t\t\t\t\t\t\t<div class=\"elementor-field-subgroup\">\r\n\t\t\t<span class=\"elementor-field-option\">\r\n\t\t\t\t<input type=\"checkbox\" name=\"form_fields[8fcae9c]\" id=\"form-field-8fcae9c\" class=\"elementor-field elementor-size-sm  elementor-acceptance-field\" required=\"required\">\r\n\t\t\t\t<label for=\"form-field-8fcae9c\">&nbsp;He leido y acepto los <u><a href=\"politica-de-privacidad\" class=\"popup\" data-height=\"290\" data-width=\"850\" data-scrollbars=\"0\">t\u00e9rminos y condiciones<\/a><\/u>.<\/label>\t\t\t<\/span>\r\n\t\t<\/div>\r\n\t\t\t\t\t\t<\/div>\r\n\t\t\t\t\t\t\t\t<div class=\"elementor-field-type-recaptcha_v3 elementor-field-group elementor-column elementor-field-group-field_775c387 elementor-col-100 recaptcha_v3-bottomright\">\r\n\t\t\t\t\t<div class=\"elementor-field\" id=\"form-field-field_775c387\"><div class=\"elementor-g-recaptcha\" data-sitekey=\"6Ldf-R8hAAAAAPU8fau8hf4HUGc62l8OWS67wsdJ\" data-type=\"v3\" data-action=\"Form\" data-badge=\"bottomright\" data-size=\"invisible\"><\/div><\/div>\t\t\t\t<\/div>\r\n\t\t\t\t\t\t\t\t<div class=\"elementor-field-group elementor-column elementor-field-type-submit elementor-col-100 e-form__buttons\">\r\n\t\t\t\t\t<button class=\"elementor-button elementor-size-sm\" type=\"submit\">\r\n\t\t\t\t\t\t<span class=\"elementor-button-content-wrapper\">\r\n\t\t\t\t\t\t\t\t\t\t\t\t\t\t\t\t\t\t\t\t\t\t<span class=\"elementor-button-text\">ENVIAR<\/span>\r\n\t\t\t\t\t\t\t\t\t\t\t\t\t<\/span>\r\n\t\t\t\t\t<\/button>\r\n\t\t\t\t<\/div>\r\n\t\t\t<\/div>\r\n\t\t<\/form>\r\n\t\t\t\t\t\t<\/div>\n\t\t\t\t<\/div>\n\t\t\t\t\t<\/div>\n\t\t\t\t<\/div>\n\t\t<div class=\"elementor-element elementor-element-dc9b792 e-con-full e-flex e-con e-child\" data-id=\"dc9b792\" data-element_type=\"container\" data-e-type=\"container\" data-settings=\"{&quot;background_background&quot;:&quot;classic&quot;}\">\n\t\t\t\t<div class=\"elementor-element elementor-element-8131ff2 elementor-widget elementor-widget-image\" data-id=\"8131ff2\" data-element_type=\"widget\" data-e-type=\"widget\" data-widget_type=\"image.default\">\n\t\t\t\t<div class=\"elementor-widget-container\">\n\t\t\t\t\t\t\t\t\t\t\t\t\t\t\t<img decoding=\"async\" title=\"patrocinadores-jornadas\" width=\"940\" height=\"240\" src=\"https:\/\/claudiorodriguez.es\/xjornadas\/wp-content\/uploads\/2024\/07\/patrocinadores-jornadas.png\" class=\"attachment-full size-full wp-image-95\" alt=\"\" srcset=\"https:\/\/claudiorodriguez.es\/xjornadas\/wp-content\/uploads\/2024\/07\/patrocinadores-jornadas.png 940w, https:\/\/claudiorodriguez.es\/xjornadas\/wp-content\/uploads\/2024\/07\/patrocinadores-jornadas-300x77.png 300w, https:\/\/claudiorodriguez.es\/xjornadas\/wp-content\/uploads\/2024\/07\/patrocinadores-jornadas-768x196.png 768w\" sizes=\"(max-width: 940px) 100vw, 940px\" \/>\t\t\t\t\t\t\t\t\t\t\t\t\t\t\t<\/div>\n\t\t\t\t<\/div>\n\t\t\t\t<\/div>\n\t\t\t\t\t<\/div>\n\t\t\t\t<\/div>\n\t\t<div class=\"elementor-element elementor-element-62da4aa e-flex e-con-boxed e-con e-parent\" data-id=\"62da4aa\" data-element_type=\"container\" data-e-type=\"container\">\n\t\t\t\t\t<div class=\"e-con-inner\">\n\t\t\t\t<div class=\"elementor-element elementor-element-518d4a4 elementor-widget__width-initial elementor-widget elementor-widget-text-editor\" data-id=\"518d4a4\" data-element_type=\"widget\" data-e-type=\"widget\" data-widget_type=\"text-editor.default\">\n\t\t\t\t<div class=\"elementor-widget-container\">\n\t\t\t\t\t\t\t\t\t<p><a href=\"\/xjornadas\/aviso-legal\" class=\"popup\" data-width=\"600\" data-height=\"700\" data-scrollbars=\"1\" alt=\"popup\">Aviso legal<\/a>\u00a0 \u00a0\u00a0 <a href=\"\/xjornadas\/politica-de-privacidad\" class=\"popup\" data-width=\"600\" data-height=\"700\" data-scrollbars=\"1\" alt=\"popup\">Pol\u00edtica de privacidad<\/a>\u00a0 \u00a0 <a href=\"\/xjornadas\/politica-de-cookies\" class=\"popup\" data-width=\"600\" data-height=\"700\" data-scrollbars=\"1\" alt=\"popup\">Pol\u00edtica de cookies<\/a><\/p>\t\t\t\t\t\t\t\t<\/div>\n\t\t\t\t<\/div>\n\t\t\t\t\t<\/div>\n\t\t\t\t<\/div>\n\t\t\t\t<\/div>\n\t\t","protected":false},"excerpt":{"rendered":"<p>DESCARGAR PROGRAMA DESCARGAR COMUNICACIONES La inscripci\u00f3n es gratuita y podr\u00e1 formalizarse antes del 1 de noviembre. El n\u00famero de plazas es limitado y se adjudicar\u00e1n por orden de inscripci\u00f3n. El Seminario acreditar\u00e1 la asistencia a las jornadas a las personas inscritas que lo soliciten. Los profesores interesados pueden hacer la inscripci\u00f3n a trav\u00e9s del website [&hellip;]<\/p>\n","protected":false},"author":1,"featured_media":0,"parent":0,"menu_order":0,"comment_status":"closed","ping_status":"closed","template":"elementor_canvas","meta":{"footnotes":""},"class_list":["post-18","page","type-page","status-publish","hentry"],"_links":{"self":[{"href":"https:\/\/claudiorodriguez.es\/xjornadas\/wp-json\/wp\/v2\/pages\/18","targetHints":{"allow":["GET"]}}],"collection":[{"href":"https:\/\/claudiorodriguez.es\/xjornadas\/wp-json\/wp\/v2\/pages"}],"about":[{"href":"https:\/\/claudiorodriguez.es\/xjornadas\/wp-json\/wp\/v2\/types\/page"}],"author":[{"embeddable":true,"href":"https:\/\/claudiorodriguez.es\/xjornadas\/wp-json\/wp\/v2\/users\/1"}],"replies":[{"embeddable":true,"href":"https:\/\/claudiorodriguez.es\/xjornadas\/wp-json\/wp\/v2\/comments?post=18"}],"version-history":[{"count":0,"href":"https:\/\/claudiorodriguez.es\/xjornadas\/wp-json\/wp\/v2\/pages\/18\/revisions"}],"wp:attachment":[{"href":"https:\/\/claudiorodriguez.es\/xjornadas\/wp-json\/wp\/v2\/media?parent=18"}],"curies":[{"name":"wp","href":"https:\/\/api.w.org\/{rel}","templated":true}]}}